8 = -g*v - 11, 0 = 2*v + 4. What are the prime factors of w?
5
Let r(l) = l**2 - 6*l - 10. Let c be r(8). What are the prime factors of (-284)/(-18) + c/27?
2
Let h be ((-48)/20)/((-3)/10). Let g be 0 - (-2*h)/1. Suppose -4*k + g = -20. What are the prime factors of k?
3
Let j = 16 + -2. Suppose 0 = -3*w + j + 19. List the prime factors of w.
11
List the prime factors of 2/(-5) - 32/(-5).
2, 3
Let c(m) = -m + 7. Let f be c(7). Let t(o) = -o**2 + 6*o - 3. Let h be t(2). Let b = h + f. List the prime factors of b.
5
Suppose -5*h = s - 31, -3*h + 0*h + 23 = 5*s. Let i = 10 - h. List the prime factors of 16 + 2/i*0.
2
Suppose -z - 5 = -2*z. Let j = z + 9. What are the prime factors of j?
2, 7
Let m = 5 - 11. Let c be (-2)/(-12) + (-77)/m. Suppose -d + u = -6, -3*d + c = -0*u + 2*u. List the prime factors of d.
5
Suppose -5*a + 658 = -c, -2*a + 15 = 3*c - 238. What are the prime factors of a?
131
Let m be 1 + (0 - -23) + 1. Let a be (6/(-5))/((-10)/m). Let h = 12 - a. What are the prime factors of h?
3
Suppose -b + 5 = 0, 2*j - j + 5*b = 35. Let g(r) = -5*r + 0*r**2 - j - r**2 - 5*r. What are the prime factors of g(-8)?
2, 3
Let p be 21*(1 - 2/6). Suppose 2*y = -0*y + p. Let u = 1 + y. List the prime factors of u.
2
Let i be ((-10)/(-15))/(1/(-3)). Let c be 123/(-12) + i/(-8). Let p = c - -16. What are the prime factors of p?
2, 3
What are the prime factors of (-2 - 2)*(-1 + (-170)/8)?
89
Suppose -3*s = t - 4*s - 47, 2*s = -3*t + 141. List the prime factors of t.
47
Suppose 212 = 3*x + 17. What are the prime factors of x?
5, 13
Let h(v) = 2*v**3 + 1. Let m be h(1). Let q(b) = 2*b**2 - 5*b + 2. List the prime factors of q(m).
5
Let g(c) = -c**2 - 15*c - 25. List the prime factors of g(-6).
29
Suppose 3*d + 18 = -2*f + 49, 0 = 2*f - 4. What are the prime factors of d?
3
Let r(v) be the third derivative of 11*v**4/24 - v**3/6 - 4*v**2. Let j be r(1). Suppose 0 = 4*f - j - 18. List the prime factors of f.
7
Suppose -y + 2*y = 0. Suppose y = 4*c - 3*c - 4. Suppose k - 22 = -3*u, 1 = u - c. What are the prime factors of k?
7
Suppose 3*o - o - 64 = 0. Suppose -5*a - o = -m - 3*m, -2*a = 2*m - 34. List the prime factors of m.
13
Suppose 550 = 5*k - 2*z, -2*k - 2*k = 2*z - 458. List the prime factors of k.
2, 7
Let u = -4 - -10. Suppose m + 8 = 3*w, 2*w - u*w = -16. What are the prime factors of m?
2
Let c(m) = m - 7. Let y be c(9). Suppose -3*f + y*v + 144 = 6, -2*f + v + 93 = 0. Suppose 0 + f = 4*j. What are the prime factors of j?
2, 3
Let j = -6 - -8. Suppose -j*f = 2*f - 68. Suppose 43 + f = 5*b. What are the prime factors of b?
2, 3
Let f(t) = 24*t**2 + t. What are the prime factors of f(-1)?
23
Let b = -79 - -146. List the prime factors of b.
67
Let z be (-3)/(-3 - (0 + -2)). Suppose 6 = -3*u, -3*t + 169 = 2*t + z*u. What are the prime factors of t?
5, 7
List the prime factors of (-3304)/(-36) - (-2 + (-48)/(-27)).
2, 23
Let r(b) = -b - 4. Let n be r(-6). Suppose t = -f + 10, -34 = -4*t - n*f + 4*f. List the prime factors of t.
3
Let x(p) be the third derivative of -p**4/24 + 5*p**3/3 - 3*p**2. List the prime factors of x(7).
3
Suppose -181 = -4*g + 35. What are the prime factors of g?
2, 3
Suppose 15*a - 1595 = 10*a. What are the prime factors of a?
11, 29
Let g be 98/5 - 4/(-10). Let h be (168/20)/(6/g). What are the prime factors of 3*-1*h/(-6)?
2, 7
Let b be ((-4)/(-2) - 1)*17. Suppose 3*h - 4 = 2. Suppose -i + h*i = b. List the prime factors of i.
17
Let i(s) = -s**3 + 8*s**2 - 7*s + 9. Let p be i(7). Let x be ((-30)/p)/((-2)/(-15)). Let g = x - -35. What are the prime factors of g?
2, 5
Let q be (-1 - 2) + 4 + 5. Suppose -q - 23 = -l. What are the prime factors of l?
29
Let v(h) = -9*h + 4. What are the prime factors of v(-1)?
13
Let i = 1 + 4. Let l be (-2)/i + (-165)/25. Let c(w) = -w**3 - 6*w**2 + 6*w - 4. List the prime factors of c(l).
3
Suppose 0 = -3*c + 12, 4*w + 4*c + 15 = 55. Suppose 2*a = -1 + 5. Let s = a + w. List the prime factors of s.
2
Let u(y) = -2*y - 4*y**3 + y - 1 + 2 + 16*y**3. What are the prime factors of u(1)?
2, 3
Suppose 0 = l + 2*l - i - 976, -3*i = -2*l + 646. List the prime factors of l.
2, 163
Let y(a) = 28*a - 3. Let c be y(6). Suppose -3*s - 185 = -5*j, -j + 5*j + s - c = 0. List the prime factors of j.
2, 5
Let c(p) = 5*p**3 + 5*p**2 + 3*p + 3. Let n be c(-3). Let u = -68 - n. What are the prime factors of u?
2, 7
Suppose -5*o = -3*f - 25, 0 = -2*o - 0*f - 4*f + 36. What are the prime factors of o?
2
Suppose u + a = 2*a + 41, 4*u - 124 = -4*a. Let l = u + -21. Suppose 2*t - 6 = -4*y, -2*y + 0*y = -5*t + l. What are the prime factors of t?
3
Suppose t + 248 = 5*t. Suppose 4*f - t = 26. What are the prime factors of f?
2, 11
Suppose -110 - 68 = -2*b. List the prime factors of b.
89
Let k = 4 + -4. Let b = 0 - k. Suppose b = -5*q + 3*s + 42, 5*q = 5*s - 0*s + 50. List the prime factors of q.
2, 3
Let o(k) = k**3 - k**2 + k. Let l be o(0). Suppose -d + 7 = 2*b - 5*b, 4*b - 16 = -5*d. List the prime factors of 1 + b*(l - 4).
5
Let t be (-30)/(-4)*(-2)/(-3). Suppose t*u - 1 = 9. List the prime factors of u.
2
List the prime factors of 579/12 + (-3)/12.
2, 3
Suppose -25 = 5*r, 7*n - 3*n - 2*r = 50. Let t be 4/6 - (544/12)/(-4). Let w = n + t. List the prime factors of w.
2, 11
Suppose 0 = -n - 0*c + 3*c + 16, -3*n + 5*c + 44 = 0. Suppose -4 = 4*k, -3*v - 3*k - n = 47. Let f = v - -27. What are the prime factors of f?
2
Suppose 2*o + 2*o = 0. Suppose 4*b - 36 + o = 0. What are the prime factors of b?
3
Let u(l) = l**2 - l + 6. Suppose -2*z = -3*z. Let s = z - 0. List the prime factors of u(s).
2, 3
Let f(n) = -2*n**2 + 2. Let c be f(-2). Let p = 7 - c. List the prime factors of p.
13
Suppose -9*f + 3 = -8*f. Let j(z) = 2*z**2 + 3*z - 6. What are the prime factors of j(f)?
3, 7
Let x be 28/(-21)*18/(-8). What are the prime factors of x*1/6*22?
11
Let x(i) be the second derivative of i**3/6 + i**2 + i. Let y be x(0). Suppose -o + 2*o - 23 = -y*g, 5*g - 3*o - 41 = 0. What are the prime factors of g?
2, 5
Let c = 47 - 26. Suppose c = h + 2*h. What are the prime factors of h?
7
Let u be (-434)/(-12) + 4/(-24). Suppose -6 + u = 5*w. Suppose w*r - 20 = r, -3*r = 3*g - 18. What are the prime factors of g?
2
Let m = -3 + 6. Suppose -2*o - o = 2*b - 20, 4*b - m*o - 4 = 0. What are the prime factors of b?
2
Let u(i) = -3*i**3 - 2*i**2 - 2*i - 2. Let w be u(-2). Let k be 84/w + (-4)/6. Suppose o - 84 = -k*o - n, -o - 4*n = -13. List the prime factors of o.
17
Suppose -2*f = 20 - 188. List the prime factors of f.
2, 3, 7
Suppose 2*h = 2 - 0. Let t(q) = 11*q**3 - q + 1. Let z be t(h). Let c = z + -2. List the prime factors of c.
3
Suppose -4*y - 4 - 4 = 0. What are the prime factors of (-4)/y - (2 + -4)?
2
Suppose 3*t + 34 = 5*i, -2*i - 3*t + 7 = -2*t. Let v be 9 + (1 - (i + -3)). Suppose 2*g + v - 20 = 0. What are the prime factors of g?
2, 3
Let u(z) = -z**3 + 12*z**2 + 4*z - 12. List the prime factors of u(10).
2, 3, 19
Let d be (4 - 0) + -1*1. Let x(m) = -m**3 - 3*m**2 + 2*m + 5. Let z be x(-5). Suppose p = o + 10, 4*p - d*o - 2*o = z. List the prime factors of p.
5
Let h be (6*(-1)/(-2))/1. Suppose h*b = -2*n + 9 + 40, -20 = 5*n. What are the prime factors of (b/2)/(5/10)?
19
Suppose 0 = -s - 2 + 6. Let o be (-1)/s - 42/(-8). Suppose -3*k + 17 - o = 0. List the prime factors of k.
2
Suppose 2*g = 4*g. Suppose g = 2*v - 93 - 3. Suppose -4*c = -32 - v. List the prime factors of c.
2, 5
Suppose 0*a = 2*a + 186. Let g(d) = -2*d**2 + d + 1. Let u be g(-1). What are the prime factors of a/(-6) - u/4?
2
Let c(n) = n**2 + 2*n + 52. List the prime factors of c(0).
2, 13
Let g = 86 - 53. What are the prime factors of g?
3, 11
Suppose -12 = -5*v + v. Let b = 11 - v. List the prime factors of b.
2
Let m(t) = t**3 - t**2 + t + 10. Let h be -1 - ((-9)/(-3))/1. Let u = 4 + h. List the prime factors of m(u).
2, 5
What are the prime factors of (166/4)/((-8)/(-16))?
83
List the prime factors of (-1)/((-3)/(-25))*-3.
5
Suppose 4*u + 2*t + 3*t = -104, -2*u = 5*t + 62. Suppose -155 = -5*c - 0*r + 5*r, 0 = -3*r - 3. Let v = u + c. List the prime factors of v.
3
Let p = -389 + 653. Suppose -p = -4*f + 156. Suppose t + f = 5*d, 9*d - 75 = 4*d - 5*t. What are the prime factors of d?
2, 5
Let m be 0/(((-12)/(-3))/(-2)). Let c be m - (5 - (2 - 1)). 